 = t**2 + 5*t + 2. What is the remainder when d(-8) is divided by 9?
8
What is the remainder when 138 is divided by 59/3 - 4/(-12)?
18
Suppose 0 = -5*j - 176 + 491. Calculate the remainder when j is divided by 16.
15
Let l(n) = n - 3. Let h be l(6). Let w be (1 + (-216)/h)/1. Let m = -49 - w. What is the remainder when m is divided by 8?
6
Let r = -25 + 38. Suppose 6*h = 8*h - 16. What is the remainder when r is divided by h?
5
Suppose 0 = 5*n - 5*o - 85, 3*n + 4*o + 54 = 6*n. What is the remainder when 41 is divided by n?
13
Let z(h) = h + 10. Suppose 2*g - 5 - 11 = w, 32 = 4*g + 2*w. Calculate the remainder when 52 is divided by z(g).
16
Let n(h) = -7*h**2 + 18*h - 5. Let r(v) = -8*v**2 + 19*v - 4. Let y(i) = 7*n(i) - 6*r(i). What is the remainder when y(9) is divided by 6?
4
Let r(f) = -f**3 - 5*f**2 - 2*f + 4. Let x be r(-5). Let z be (-24)/x + 2/(-7). What is the remainder when 14 is divided by z*1/4*-8?
2
Suppose 4*t + 8 = 5*d - d, 0 = 5*t + 3*d + 50. What is the remainder when t*((-6)/(-3) - 6) is divided by 15?
13
Let m(g) = 3*g - g**3 - 2*g + 5 + 2*g**3 - 5*g**2. What is the remainder when -1 - (1 + -31 + 1) is divided by m(5)?
8
Suppose 4 = i - 27. Calculate the remainder when i is divided by 16.
15
Let f = -17 + 31. What is the remainder when 40 is divided by f?
12
Suppose 4*n = -3*c - 2, -4*c = n + 7 - 0. Let g(z) = -z**2 - 6*z + 4. Let p be g(-6). What is the remainder when n/p - (-7)/4 is divided by 1?
0
Let g(s) = -s**3 + 8*s**2 + 8*s + 19. What is the remainder when 58 is divided by g(9)?
8
Suppose 4*x + d - 60 = 0, x - d + 3*d = 8. Calculate the remainder when 63 is divided by x.
15
Suppose 0 = n - 38 - 1. Let o(t) = 2*t - 3*t - 2 + 9. Calculate the remainder when n is divided by o(-7).
11
Suppose 5*f + 0*b + 5*b = 210, 4*b = -2*f + 80. Calculate the remainder when 174 is divided by f.
42
Suppose 3*g - 41 = 22. Calculate the remainder when (166/8)/(5/20) is divided by g.
20
Suppose 0*c + 12 = -c. Let y = c + 19. Calculate the remainder when y is divided by 4.
3
Suppose -t = t - 8. Suppose 42 = t*r - r + f, -2*f - 7 = -r. What is the remainder when 24 is divided by r?
11
Suppose 0*u + 4*u = -5*a + 8, 4*a + 10 = 5*u. Calculate the remainder when 7 is divided by u.
1
Let l = -52 + 74. Calculate the remainder when l is divided by 8.
6
Let k = 0 - 1. Let f be (-9)/12*(5 + k). What is the remainder when 30 is divided by 8*4/(-6)*f?
14
Let q(p) = -p**3 - 5*p**2 + 6*p - 1. Let z be q(-6). Suppose -22*x + 162 = -13*x. What is the remainder when x is divided by (-2)/(-2 - z) - -8?
8
Let k(y) = y**2 + y + 25. What is the remainder when k(0) is divided by (-1)/(((-1)/1)/13)?
12
Let k = 39 - 35. Calculate the remainder when 25 is divided by k.
1
Suppose 0*i - 132 = 4*i. Let p = -18 - i. What is the remainder when (-1)/(1*2/(-58)) is divided by p?
14
Suppose -2*q + 4*q + 5*l - 44 = 0, -2*q = -3*l - 28. Calculate the remainder when q is divided by 5.
2
Suppose 0 = 2*l - 15 - 11. Let s(f) = f + 5. Let i be s(0). Let x = 0 + i. Calculate the remainder when l is divided by x.
3
Let q(h) = -27*h - 1. Let a be (2/(-1))/2 + -1. Calculate the remainder when q(a) is divided by 18.
17
Suppose -212 = -3*b + 4*x + 117, -3*x = 5*b - 558. What is the remainder when b is divided by 28?
27
Suppose -5*m + 8 + 17 = 0. Suppose 3*d + 2*s = m*d - 2, 3 = d + s. Suppose d*y - 10 = -3*y. Calculate the remainder when y is divided by 2.
0
Let k = 10 + -5. Suppose -k*d - 5*u + 60 = -2*u, -2*u = 10. Let s = -3 + 11. Calculate the remainder when d is divided by s.
7
Let i(x) be the second derivative of x**5/20 + 3*x**4/4 + x**3/6 + 7*x**2 - 7*x. What is the remainder when (9/1 - 0) + -1 is divided by i(-9)?
3
Suppose 37 - 9 = 4*m. Let b be 2/9 - (-115)/9. Let h = b + 6. Calculate the remainder when h is divided by m.
5
Suppose -4*m + 111 + 41 = 0. What is the remainder when 189 is divided by m?
37
Let w = -59 - -41. Suppose -2*j + 4*t - 9*t + 16 = 0, 3*j + 4*t = 31. What is the remainder when 896/18 + (-4)/w is divided by j?
11
Let r(s) = -s**3 + 9*s**2 + 2*s + 8. Let m be r(7). Suppose 0 = -5*c - 5*i + 350, -4*c + 5*i + 115 = -m. Calculate the remainder when c is divided by 17.
14
What is the remainder when (-50)/(-4)*6/3 is divided by 15?
10
Let j be (-68)/(-16) + 1/(-4). Suppose 0 = -3*f + 5*o + 103, -4*f + 2*f + j*o = -70. What is the remainder when f is divided by 8?
7
Let n = -3 - -8. Suppose -n = -3*s + 43. Suppose -2*l + 63 = -g - 28, 2*l - 95 = -3*g. What is the remainder when l is divided by s?
14
Let z = 49 + -33. Calculate the remainder when 61 is divided by z.
13
Suppose -x = 2*x - 39. Calculate the remainder when ((-27)/(-2))/(x/26) is divided by 14.
13
Suppose -5*i = 2*p - p - 75, 368 = 4*p + 3*i. What is the remainder when p is divided by 24?
23
Let s(m) = m**3 - m**2 - m + 23. Let a = 2 - -3. Suppose -q = -a*q + 268. Calculate the remainder when q is divided by s(0).
21
Let a(r) = -r**2 + 7*r - 2. Let c be a(7). Suppose -3*n = 31 - 94. Calculate the remainder when n is divided by (-33)/1*c/6.
10
Let r = 9 - -17. Calculate the remainder when r is divided by ((-6)/9)/((-3)/63).
12
Let r = -10 + 13. Calculate the remainder when (r - (-16)/(-4)) + 14 is divided by 7.
6
Calculate the remainder when 10/(-50) + (-521)/(-5) is divided by 15.
14
Let r(a) = -6*a**3 - 2*a**2 - a + 4. Calculate the remainder when r(-2) is divided by 12.
10
Suppose -7 = -2*j - 4*u + 11, -3*u - 45 = -3*j. Calculate the remainder when j is divided by -2 + (-32)/(-14) + 260/70.
1
Suppose -55 = -2*c - q, 3*c + 2*q = -q + 84. Calculate the remainder when c is divided by 4.
3
What is the remainder when (-16)/(-6)*(12 + (-6)/2) is divided by 7?
3
Let o = 4 + -4. Suppose -t + o*r + r = -12, -5*t - 4*r + 60 = 0. Calculate the remainder when 34 is divided by t.
10
What is the remainder when 1*45 - (5 + -4) is divided by 12?
8
Let v(l) = -l - 6 + 4*l + 1. What is the remainder when 150/4*(-24)/(-18) is divided by v(6)?
11
Let q = -11 + 22. What is the remainder when 20 is divided by q?
9
Let o(r) = -r**2 - 6*r - 12. Let y be o(-8). Let h = -19 - y. What is the remainder when 25 is divided by h?
7
Suppose 2*q + 2*w - 46 = -2*w, 5*w = -q + 20. What is the remainder when 72 is divided by q?
22
Suppose -2*x - 26 = -148. Suppose -3*f = -2*f + 2. Calculate the remainder when x is divided by (-63)/f*(-10)/(-15).
19
Suppose 4 - 188 = -4*r. Let z be 224/36 + (-4)/18. Let m = 30 - z. What is the remainder when r is divided by m?
22
Let o(c) = 4*c + 30. Calculate the remainder when o(5) is divided by 13.
11
Let c(y) = -y**2 + 12*y - 13. Let x be c(6). Let g = x - 5. What is the remainder when g is divided by 7?
4
Let d be (1/2)/(3/(-12)). Let p = 4 + d. Suppose -3*w + p*w + 19 = 0. Calculate the remainder when 36 is divided by w.
17
Let k = -3 + 11. Let a = k - 5. Calculate the remainder when 8 is divided by a.
2
What is the remainder when (3/(-9))/(5/(-660)) is divided by 12?
8
Let c(x) = x**2 - 2*x + 2. Let d be ((-8)/(-5))/(6/45). Suppose 12 = 2*w - d. What is the remainder when w is divided by c(3)?
2
Suppose 1 - 4 = -3*k. Let c be 38/9 + (-4)/18. Suppose -4*p - j + 2 = 0, 4*p - c*j = 3*p + 9. What is the remainder when k is divided by p?
0
Let r = 48 + -33. Calculate the remainder when r is divided by 5.
0
Suppose 3*a = -3*z + a - 71, 0 = -4*z - 4*a - 100. Let x = z + 70. What is the remainder when x is divided by 17?
15
Suppose 7*z - 4*z - 63 = 0. Let a = 68 + 14. What is the remainder when a is divided by z?
19
Let g be (4/(-10))/((-2)/20). Suppose -g*i + 46 + 2 = 0. What is the remainder when i is divided by 7?
5
Suppose 2*w = -2*w. Suppose -s + 0*s + 7 = w. Calculate the remainder when 26 is divided by s.
5
Let k = 22 + 14. Suppose 4*w - k = 12. Calculate the remainder when 34 is divided by w.
10
Suppose 40 = -q + 6*q. Let l(g) = g**2 - 9*g + 4. Let f be l(q). What is the remainder when 53 is divided by (-18)/(1 - f/(-2))?
17
Suppose -3*x = 4 - 25. What is the remainder when (-2)/(-3) + 55/3 is divided by x?
5
What is the remainder when 4 is divided by (6/(-8))/(18/(-24))?
0
Suppose 8*y - 20 = 3*y. What is the remainder when y/18 - (-349)/9 is divided by 10?
9
Let n = -41 + 8. Let i be (n/12)/((-1)/4). Calculate the remainder when 34 is divided by i - (2 + 0/(-3)).
7
Let h(z) = 2*z**2 - z 